 the thousands digit of 4657?
4
What is the hundreds digit of 482?
4
What is the units digit of 1587?
7
What is the hundreds digit of 31966?
9
What is the units digit of 1280?
0
What is the units digit of 5013?
3
What is the hundreds digit of 101026?
0
What is the units digit of 8434?
4
What is the thousands digit of 19218?
9
What is the units digit of 2841?
1
What is the hundreds digit of 553?
5
What is the units digit of 776?
6
What is the tens digit of 12008?
0
What is the units digit of 30843?
3
What is the thousands digit of 17218?
7
What is the units digit of 4836?
6
What is the ten thousands digit of 11096?
1
What is the units digit of 1604?
4
What is the units digit of 81?
1
What is the units digit of 2054?
4
What is the tens digit of 2871?
7
What is the hundreds digit of 9648?
6
What is the thousands digit of 7220?
7
What is the tens digit of 5990?
9
What is the hundreds digit of 159?
1
What is the ten thousands digit of 74838?
7
What is the tens digit of 1733?
3
What is the tens digit of 10624?
2
What is the tens digit of 135?
3
What is the units digit of 8721?
1
What is the hundreds digit of 4979?
9
What is the units digit of 1982?
2
What is the tens digit of 519?
1
What is the units digit of 29323?
3
What is the units digit of 301?
1
What is the hundreds digit of 2640?
6
What is the tens digit of 6220?
2
What is the units digit of 747?
7
What is the units digit of 323?
3
What is the units digit of 69?
9
What is the hundreds digit of 1026?
0
What is the ten thousands digit of 15638?
1
What is the hundreds digit of 1038?
0
What is the thousands digit of 2154?
2
What is the tens digit of 82?
8
What is the tens digit of 1933?
3
What is the tens digit of 1395?
9
What is the tens digit of 34106?
0
What is the hundreds digit of 104261?
2
What is the tens digit of 569?
6
What is the hundreds digit of 15089?
0
What is the tens digit of 25607?
0
What is the hundreds digit of 1171?
1
What is the thousands digit of 10149?
0
What is the thousands digit of 8991?
8
What is the hundreds digit of 915?
9
What is the units digit of 33148?
8
What is the tens digit of 7925?
2
What is the tens digit of 18861?
6
What is the hundreds digit of 1939?
9
What is the thousands digit of 1885?
1
What is the units digit of 288?
8
What is the units digit of 157?
7
What is the hundreds digit of 30778?
7
What is the tens digit of 286?
8
What is the thousands digit of 1739?
1
What is the thousands digit of 120826?
0
What is the thousands digit of 7702?
7
What is the hundreds digit of 7290?
2
What is the thousands digit of 9136?
9
What is the thousands digit of 50342?
0
What is the units digit of 85435?
5
What is the tens digit of 75855?
5
What is the hundreds digit of 54768?
7
What is the units digit of 4694?
4
What is the hundreds digit of 849?
8
What is the units digit of 1254?
4
What is the thousands digit of 2047?
2
What is the hundreds digit of 100632?
6
What is the units digit of 133?
3
What is the hundreds digit of 21063?
0
What is the units digit of 78?
8
What is the ten thousands digit of 12926?
1
What is the hundreds digit of 907?
9
What is the units digit of 1848?
8
What is the ten thousands digit of 22553?
2
What is the thousands digit of 36278?
6
What is the hundreds digit of 1088?
0
What is the hundreds digit of 5696?
6
What is the tens digit of 972?
7
What is the hundreds digit of 964?
9
What is the hundreds digit of 61112?
1
What is the thousands digit of 2620?
2
What is the tens digit of 668?
6
What is the hundreds digit of 23481?
4
What is the tens digit of 11836?
3
What is the ten thousands digit of 87838?
8
What is the units digit of 2282?
2
What is the thousands digit of 22766?
2
What is the hundreds digit of 271?
2
What is the hundreds digit of 66865?
8
What is the thousands digit of 17852?
7
What is the hundreds digit of 2821?
8
What is the hundreds digit of 7257?
2
What is the hundreds digit of 34711?
7
What is the units digit of 95081?
1
What is the ten thousands digit of 117260?
1
What is the hundreds digit of 2171?
1
What is the tens digit of 1193?
9
What is the hundreds digit of 633?
6
What is the units digit of 2992?
2
What is the thousands digit of 2113?
2
What is the tens digit of 655?
5
What is the tens digit of 14102?
0
What is the tens digit of 52542?
4
What is the hundreds digit of 2224?
2
What is the units digit of 81210?
0
What is the tens digit of 3365?
6
What is the hundreds digit of 3765?
7
What is the tens digit of 2129?
2
What is the thousands digit of 9757?
9
What is the tens digit of 91297?
9
What is the units digit of 86885?
5
What is the ten thousands digit of 31325?
3
What is the tens digit of 1714?
1
What is the thousands digit of 1239?
1
What is the tens digit of 15090?
9
What is the tens digit of 4770?
7
What is the tens digit of 211?
1
What is the ten thousands digit of 15096?
1
What is the units digit of 40107?
7
What is the thousands digit of 2526?
2
What is the tens digit of 13784?
8
What is the hundreds digit of 6257?
2
What is the tens digit of 42070?
7
What is the hundreds digit of 728?
7
What is the units digit of 16372?
2
What is the tens digit of 581?
8
What is the hundreds digit of 536?
5
What is the units digit of 20942?
2
What is the hundreds digit of 21609?
6
What is the thousands digit of 5271?
5
What is the ten thousands digit of 78076?
7
What is the units digit of 5136?
6
What is the tens digit of 1223?
2
What is the tens digit of 4754?
5
What is the tens digit of 105864?
6
What is the units digit of 1185?
5
What is the units digit of 18639?
9
What is the units digit of 1709?
9
What is the units digit of 2535?
5
What is the hundreds digit of 109724?
7
What is the units digit of 1342?
2
What is the thousands digit of 52909?
2
What is the thousands digit of 15687?
5
What is the ten thousands digit of 12574?
1
What is the tens digit of 1014?
1
What is the units digit of 30549?
9
What is the hundreds digit of 4042?
0
What is the units digit of 27122?
2
What is the units digit of 5492?
2
What is the tens digit of 26?
2
What is the units digit of 55?
5
What is the thousands digit of 44484?
4
What is the ten thousands digit of 43624?
4
What is the thousands digit of 1592?
1
What is the units digit of 66137?
7
What is the hundreds digit of 6649?
6
What is the hundreds digit of 1349?
3
What is the units digit of 1143?
3
What is the thousands digit of 24509?
4
What is the tens digit of 242?
4
What is the tens digit of 7416?
1
What is the tens digit of 93333?
3
What is the tens digit of 14741?
4
What is the tens digit of 1111?
1
What is the tens digit of 2476?
7
What is the thousands digit of 18035?
8
What is the thousands digit of 61056?
1
What is the hundreds digit of 1774?
7
What is the thousands digit of 2366?
2
What is the tens digit of 32464?
6
What is the ten thousands digit of 78637?
7
What is the hundreds digit of 3827?
8
What is the tens digit of 1910?
1
What is the hundreds digit of 3467?
4
What is the tens digit of 3039?
3
What is the ten thousands digit of 114529?
1
What is the hundreds digit of 149?
1
What is the tens digit of 45476?
7
What is the thousands digit of 6435?
6
What is the ten thousands digit of 20260?
2
What is the hundreds digit of 1645?
6
What is the units digit of 1996?
6
What is the tens digit of 21948?
4
What is the units digit of 230?
0
What is the thousands digit of 4807?
4
What is the ten thousands digit of 102304?
0
What is the tens digit of 27667?
6
What is the units digit of 10286?
6
What is the units digit of 594?
4
What is the tens digit of 18503?
0
What is the thousands digit of 1228?
1
What is the units digit of 15270?
0
What is the units digit of 403?
3
What is the ten thousands digit of 17444?
1
What is the ten thousands digit of 79202?
7
What is the thousands digit of 1400?
1
What is the hundreds digit of 22278?
2
What is the tens digit of 1191?
9
What is the units digit of 8574?
4
What is the hundreds digit of 360?
3
What is the tens digit of 179284?
8
What is the units digit of 23629?
9
What is the tens digit of 178378?
7
What is the units digit of 473?
3
What is the units digit of 181?
1
What is the tens digit of 25584?
8
What is the hundreds digit of 2615?
6
What is the units digit of 7398?
8
What is the tens digit of 5080?
8
What is the units digit of 352?
